{"id":1239,"date":"2025-03-19T21:20:05","date_gmt":"2025-03-19T20:20:05","guid":{"rendered":"https:\/\/www.promorgins.ch\/?page_id=1239"},"modified":"2026-01-04T17:00:41","modified_gmt":"2026-01-04T16:00:41","slug":"assemblees-generales","status":"publish","type":"page","link":"https:\/\/www.promorgins.ch\/?page_id=1239","title":{"rendered":"Assembl\u00e9es G\u00e9n\u00e9rales"},"content":{"rendered":"\n<p><strong>Prochaine Assembl\u00e9e : 27 d\u00e9cembre 2026, \u00e0 17h00, Salle de La Jeur<\/strong> <strong>(foyer)<\/strong><\/p>\n\n\n\n<p><strong>Assembl\u00e9e du 03 janvier 2026, \u00e0 17h00, Salle de La Jeur<\/strong> <strong>(foyer)<\/strong><br><a href=\"https:\/\/www.promorgins.ch\/wp-content\/uploads\/2025\/12\/Convocation-AG-3-janvier-2026-ProMorgins.pdf\" data-type=\"link\" data-id=\"https:\/\/www.promorgins.ch\/wp-content\/uploads\/2025\/12\/Convocation-AG-3-janvier-2026-ProMorgins.pdf\">Convocation \/Ordre du jour<\/a><br><a href=\"https:\/\/www.promorgins.ch\/wp-content\/uploads\/2025\/12\/Comptes-2025.pdf\" data-type=\"link\" data-id=\"https:\/\/www.promorgins.ch\/wp-content\/uploads\/2025\/12\/Comptes-2025.pdf\">Comptes<\/a> du 01.10.2024 au 30.09.2025<\/p>\n\n\n\n<p><strong>Assembl\u00e9e du 04 janvier 2025<\/strong><br><a href=\"https:\/\/www.promorgins.ch\/wp-content\/uploads\/2025\/12\/PV-AG-Promorgins-4-janvier-2025-compresse.pdf\" data-type=\"link\" data-id=\"https:\/\/www.promorgins.ch\/wp-content\/uploads\/2025\/12\/PV-AG-Promorgins-4-janvier-2025-compresse.pdf\">Proc\u00e8s-verbal<\/a><br><a href=\"https:\/\/www.promorgins.ch\/wp-content\/uploads\/2024\/12\/Comptes-2024_Promorgins.pdf\" data-type=\"link\" data-id=\"https:\/\/www.promorgins.ch\/wp-content\/uploads\/2024\/12\/Comptes-2024_Promorgins.pdf\">Comptes<\/a> du 01.10.2023 au 30.09.2024<\/p>\n\n\n\n<p><strong>Assembl\u00e9e du 06 janvier 2024<\/strong><br><a href=\"https:\/\/www.promorgins.ch\/wp-content\/uploads\/2024\/12\/Promorgins-AG-PV-signe-2024-01-06.pdf\" data-type=\"link\" data-id=\"https:\/\/www.promorgins.ch\/wp-content\/uploads\/2024\/12\/Promorgins-AG-PV-signe-2024-01-06.pdf\" target=\"_blank\" rel=\"noreferrer noopener\">Proc\u00e8s-verbal <\/a><br><a href=\"https:\/\/www.promorgins.ch\/wp-content\/uploads\/2024\/05\/Comptes-2023-3.pdf\" target=\"_blank\" rel=\"noreferrer noopener\">Comptes <\/a>du 01.10.2022 au 30.09.2023<br><a href=\"https:\/\/www.promorgins.ch\/wp-content\/uploads\/2024\/04\/ReportingChampionnats-du-Monde-de-Raclette-2023_06012024.pdf\" data-type=\"link\" data-id=\"https:\/\/www.promorgins.ch\/wp-content\/uploads\/2024\/04\/ReportingChampionnats-du-Monde-de-Raclette-2023_06012024.pdf\" target=\"_blank\" rel=\"noreferrer noopener\">Rapport <\/a>sur le Mondial de Fondue 2023<\/p>\n\n\n\n<div class=\"wp-block-media-text is-stacked-on-mobile\"><figure class=\"wp-block-media-text__media\"><\/figure><div class=\"wp-block-media-text__content\">\n<p><\/p>\n<\/div><\/div>\n","protected":false},"excerpt":{"rendered":"<p>Prochaine Assembl\u00e9e : 27 d\u00e9cembre 2026, \u00e0 17h00, Salle de La Jeur (foyer) Assembl\u00e9e du 03 janvier 2026, \u00e0 17h00, Salle de La Jeur (foyer)Convocation \/Ordre du jourComptes du 01.10.2024 au 30.09.2025 Assembl\u00e9e du 04 janvier 2025Proc\u00e8s-verbalComptes du 01.10.2023 au &hellip; <a href=\"https:\/\/www.promorgins.ch\/?page_id=1239\">Continuer la lecture <span class=\"meta-nav\">&rarr;<\/span><\/a><\/p>\n","protected":false},"author":3,"featured_media":0,"parent":0,"menu_order":0,"comment_status":"closed","ping_status":"closed","template":"","meta":{"jetpack_post_was_ever_published":true,"footnotes":""},"jetpack_shortlink":"https:\/\/wp.me\/P3Czlz-jZ","jetpack_sharing_enabled":true,"_links":{"self":[{"href":"https:\/\/www.promorgins.ch\/index.php?rest_route=\/wp\/v2\/pages\/1239"}],"collection":[{"href":"https:\/\/www.promorgins.ch\/index.php?rest_route=\/wp\/v2\/pages"}],"about":[{"href":"https:\/\/www.promorgins.ch\/index.php?rest_route=\/wp\/v2\/types\/page"}],"author":[{"embeddable":true,"href":"https:\/\/www.promorgins.ch\/index.php?rest_route=\/wp\/v2\/users\/3"}],"replies":[{"embeddable":true,"href":"https:\/\/www.promorgins.ch\/index.php?rest_route=%2Fwp%2Fv2%2Fcomments&post=1239"}],"version-history":[{"count":42,"href":"https:\/\/www.promorgins.ch\/index.php?rest_route=\/wp\/v2\/pages\/1239\/revisions"}],"predecessor-version":[{"id":3915,"href":"https:\/\/www.promorgins.ch\/index.php?rest_route=\/wp\/v2\/pages\/1239\/revisions\/3915"}],"wp:attachment":[{"href":"https:\/\/www.promorgins.ch\/index.php?rest_route=%2Fwp%2Fv2%2Fmedia&parent=1239"}],"curies":[{"name":"wp","href":"https:\/\/api.w.org\/{rel}","templated":true}]}}

Assemblées Générales

<p><strong>Prochaine Assemblée : 27 décembre 2026, à 17h00, Salle de La Jeur</strong> <strong>(foyer)</strong></p>



<p><strong>Assemblée du 03 janvier 2026, à 17h00, Salle de La Jeur</strong> <strong>(foyer)</strong><br><a href="https://www.promorgins.ch/wp-content/uploads/2025/12/Convocation-AG-3-janvier-2026-ProMorgins.pdf" data-type="link" data-id="https://www.promorgins.ch/wp-content/uploads/2025/12/Convocation-AG-3-janvier-2026-ProMorgins.pdf">Convocation /Ordre du jour</a><br><a href="https://www.promorgins.ch/wp-content/uploads/2025/12/Comptes-2025.pdf" data-type="link" data-id="https://www.promorgins.ch/wp-content/uploads/2025/12/Comptes-2025.pdf">Comptes</a> du 01.10.2024 au 30.09.2025</p>



<p><strong>Assemblée du 04 janvier 2025</strong><br><a href="https://www.promorgins.ch/wp-content/uploads/2025/12/PV-AG-Promorgins-4-janvier-2025-compresse.pdf" data-type="link" data-id="https://www.promorgins.ch/wp-content/uploads/2025/12/PV-AG-Promorgins-4-janvier-2025-compresse.pdf">Procès-verbal</a><br><a href="https://www.promorgins.ch/wp-content/uploads/2024/12/Comptes-2024_Promorgins.pdf" data-type="link" data-id="https://www.promorgins.ch/wp-content/uploads/2024/12/Comptes-2024_Promorgins.pdf">Comptes</a> du 01.10.2023 au 30.09.2024</p>



<p><strong>Assemblée du 06 janvier 2024</strong><br><a href="https://www.promorgins.ch/wp-content/uploads/2024/12/Promorgins-AG-PV-signe-2024-01-06.pdf" data-type="link" data-id="https://www.promorgins.ch/wp-content/uploads/2024/12/Promorgins-AG-PV-signe-2024-01-06.pdf" target="_blank" rel="noreferrer noopener">Procès-verbal </a><br><a href="https://www.promorgins.ch/wp-content/uploads/2024/05/Comptes-2023-3.pdf" target="_blank" rel="noreferrer noopener">Comptes </a>du 01.10.2022 au 30.09.2023<br><a href="https://www.promorgins.ch/wp-content/uploads/2024/04/ReportingChampionnats-du-Monde-de-Raclette-2023_06012024.pdf" data-type="link" data-id="https://www.promorgins.ch/wp-content/uploads/2024/04/ReportingChampionnats-du-Monde-de-Raclette-2023_06012024.pdf" target="_blank" rel="noreferrer noopener">Rapport </a>sur le Mondial de Fondue 2023</p>



<div class="wp-block-media-text is-stacked-on-mobile"><figure class="wp-block-media-text__media"></figure><div class="wp-block-media-text__content">
<p></p>
</div></div>

<p>Prochaine Assemblée : 27 décembre 2026, à 17h00, Salle de La Jeur (foyer) Assemblée du 03 janvier 2026, à 17h00, Salle de La Jeur (foyer)Convocation /Ordre du jourComptes du 01.10.2024 au 30.09.2025 Assemblée du 04 janvier 2025Procès-verbalComptes du 01.10.2023 au &hellip; <a href="https://www.promorgins.ch/?page_id=1239">Continuer la lecture <span class="meta-nav">&rarr;</span></a></p>
