{"id":5,"date":"2013-06-04T17:43:14","date_gmt":"2013-06-04T16:43:14","guid":{"rendered":"http:\/\/www.promorgins.ch\/?page_id=5"},"modified":"2024-06-02T10:34:46","modified_gmt":"2024-06-02T08:34:46","slug":"historique","status":"publish","type":"page","link":"https:\/\/www.promorgins.ch\/?page_id=5","title":{"rendered":"PROMORGINS : QUESACO ?"},"content":{"rendered":"<p><a href=\"https:\/\/www.promorgins.ch\/wp-content\/uploads\/2023\/03\/Presentation-50eme-Promorgins.pdf\" target=\"_blank\" rel=\"noopener noreferrer nofollow\">Cliquer pour acc\u00e9der \u00e0 Presentation-50eme-Promorgins.pdf<\/a><\/p>\n<p>Fond\u00e9e en 1971, notre association a pour but de promouvoir et de repr\u00e9senter les int\u00e9r\u00eats de ses membres. Elle compte actuellement environ 100 personnes. Son comit\u00e9 est compos\u00e9 de six\/sept membres \u00e9lus par l\u2019assembl\u00e9e g\u00e9n\u00e9rale, qui \u0153uvrent b\u00e9n\u00e9volement pour permettre \u00e0 PROMORGINS de remplir le r\u00f4le qu\u2019elle s\u2019est fix\u00e9e.<\/p>\n<p>PROMORGINS a le souci de fournir \u00e0 ses membres la meilleure information possible sur les sujets qui les int\u00e9ressent.<\/p>\n<p>Notre association s\u2019attache essentiellement \u00e0 nouer le dialogue avec ses interlocuteurs plut\u00f4t qu\u2019\u00e0 adopter une attitude qui, selon les circonstances, pourrait appara\u00eetre comme revendicative. Elle entretient d\u2019excellents rapports avec les autorit\u00e9s communales ainsi qu\u2019avec Morgins Tourisme.<\/p>\n<p>Chaque ann\u00e9e, une commande group\u00e9e de mazout permet d\u2019obtenir des conditions avantageuses dont chacun peut profiter. En outre, des balades accompagn\u00e9es sont organis\u00e9es l\u2019\u00e9t\u00e9 et l&rsquo;hiver par un membre de notre comit\u00e9.<\/p>\n<p>Il est \u00e9vident que notre association sera toujours plus repr\u00e9sentative si, en accroissant l\u2019effectif de ses membres, elle arrive ainsi \u00e0 regrouper la quasi\u00ad-totalit\u00e9 des propri\u00e9taires de Morgins.<\/p>\n<p>En esp\u00e9rant pouvoir vous compter prochainement parmi nos membres, nous restons \u00e0 votre disposition pour de plus amples renseignements.<\/p>\n<p>Pour faire partie de notre association, <a title=\"Inscriptions\" href=\"https:\/\/www.promorgins.ch\/?page_id=25\">cliquez ici<\/a>.<\/p>\n<p>Pour consulter les statuts de l&rsquo;association Promorgins, <a href=\"https:\/\/www.promorgins.ch\/wp-content\/uploads\/2013\/06\/Statuts-2011.pdf\" target=\"_blank\" rel=\"noopener\">cliquez ici<\/a>.<\/p>\n","protected":false},"excerpt":{"rendered":"<p>Cliquer pour acc\u00e9der \u00e0 Presentation-50eme-Promorgins.pdf Fond\u00e9e en 1971, notre association a pour but de promouvoir et de repr\u00e9senter les int\u00e9r\u00eats de ses membres. Elle compte actuellement environ 100 personnes. Son comit\u00e9 est compos\u00e9 de six\/sept membres \u00e9lus par l\u2019assembl\u00e9e g\u00e9n\u00e9rale, &hellip; <a href=\"https:\/\/www.promorgins.ch\/?page_id=5\">Continuer la lecture <span class=\"meta-nav\">&rarr;<\/span><\/a><\/p>\n","protected":false},"author":3,"featured_media":0,"parent":0,"menu_order":0,"comment_status":"closed","ping_status":"closed","template":"","meta":{"jetpack_post_was_ever_published":false,"footnotes":""},"jetpack_shortlink":"https:\/\/wp.me\/P3Czlz-5","jetpack_sharing_enabled":true,"_links":{"self":[{"href":"https:\/\/www.promorgins.ch\/index.php?rest_route=\/wp\/v2\/pages\/5"}],"collection":[{"href":"https:\/\/www.promorgins.ch\/index.php?rest_route=\/wp\/v2\/pages"}],"about":[{"href":"https:\/\/www.promorgins.ch\/index.php?rest_route=\/wp\/v2\/types\/page"}],"author":[{"embeddable":true,"href":"https:\/\/www.promorgins.ch\/index.php?rest_route=\/wp\/v2\/users\/3"}],"replies":[{"embeddable":true,"href":"https:\/\/www.promorgins.ch\/index.php?rest_route=%2Fwp%2Fv2%2Fcomments&post=5"}],"version-history":[{"count":12,"href":"https:\/\/www.promorgins.ch\/index.php?rest_route=\/wp\/v2\/pages\/5\/revisions"}],"predecessor-version":[{"id":1817,"href":"https:\/\/www.promorgins.ch\/index.php?rest_route=\/wp\/v2\/pages\/5\/revisions\/1817"}],"wp:attachment":[{"href":"https:\/\/www.promorgins.ch\/index.php?rest_route=%2Fwp%2Fv2%2Fmedia&parent=5"}],"curies":[{"name":"wp","href":"https:\/\/api.w.org\/{rel}","templated":true}]}}